3*p = q - 118. What are the prime factors of p?
2, 5
Let x be (110/(-8) + -4)*4. Let d = -42 - x. What are the prime factors of d?
29
Let j(r) = 20*r**3 - 18*r + 17*r**3 - 38*r**3 + 11*r**2 + 9. List the prime factors of j(9).
3
Suppose 9*l + 5*u = 5*l + 2685, -l - 2*u + 675 = 0. List the prime factors of l.
5, 7, 19
Let p = -349 - -507. What are the prime factors of p?
2, 79
Let y(q) = 5*q - 7. Let l(o) = -o**2 - 12*o - 13. Let c be l(-10). What are the prime factors of y(c)?
2, 7
Suppose 5*f + 215 = 3*t, -t + 2*f - 6*f = -83. Suppose 3*y = 4*y - t. What are the prime factors of y?
3, 5
Suppose 4*s = 8, -2*f + 3*s + 2*s = 0. Let v be (-2)/14 + 44/14 - -79. Suppose 0 = -2*z - f*x + v, x + 8 = -x. What are the prime factors of z?
3, 17
List the prime factors of (-242)/(-363)*18*206/4.
2, 3, 103
Let l = -6 - -6. Suppose 21 = -l*t - t. Let s = t - -48. What are the prime factors of s?
3
Suppose 108 = -16*g + 25*g. What are the prime factors of (-2 + 14/6)*g + 291?
5, 59
Suppose 3*u + 54 = -3*f + 183, -f - 3 = 0. Suppose -3*k + u = 4*p, 0 = 2*k - 3*p + 36 - 95. Let t = k - 5. List the prime factors of t.
17
Let j = -4 - -91. Let p = j + -60. What are the prime factors of p*(-2)/9*-6?
2, 3
Suppose 5*c - 5*q = 25, 2*c + 2*c - 21 = 3*q. What are the prime factors of c?
2, 3
Suppose 2*l - 9 = 5*p, -4*p + 3*l - 4 = 6. Let o = 4 - p. Suppose o*d - 146 = 9. List the prime factors of d.
31
Let n be (-20)/12*(-93 - -3). Let r = n + -54. What are the prime factors of r?
2, 3
Let y = -36 - -52. Let b = y + -8. Let q = b - -13. What are the prime factors of q?
3, 7
Let m be (-1)/((-3)/(-3 + 12)). Let i be 6/m + -3 - -2. Suppose y + i = 0, 2*j + 3 = -5*y + 20. List the prime factors of j.
11
Let d = -13 + 0. Let i = -13 - d. Suppose 5*x - 185 = -i*x. List the prime factors of x.
37
Let t(h) = h**2 - 12*h + 5. Let q be t(11). Let p = q + 51. List the prime factors of p.
3, 5
Let z(j) = -j**2 - 11*j - 5. Suppose 0 = -3*n - 5*l + 34, 5*n + 4*l - 47 - 1 = 0. Suppose d + s + 4 = 0, -4*d - 14 = s + n. What are the prime factors of z(d)?
5
Suppose 0 = 8*y - 4*y + 4*k, 16 = 5*y + k. Suppose y*o + 4*t - 151 = 13, -o + 5*t + 47 = 0. List the prime factors of o.
2, 3, 7
Suppose -4*z - 3*g - 144 = -1399, 3*z - 3*g = 957. Let n = -109 + z. What are the prime factors of n?
3, 23
Let l(k) = 13*k + 159. List the prime factors of l(19).
2, 7, 29
Let y = 2 - -87. Suppose 158 = 2*z + 2*n, z - n = -0*n + y. List the prime factors of z.
2, 3, 7
Let f(m) = -7 + 2*m - 3*m - m - 5. Let h be f(-11). Suppose -l - h = -2*l. List the prime factors of l.
2, 5
Let x = 9 - 8. Let o be -3 - ((-36)/(-4) + x). Let b = o + 23. What are the prime factors of b?
2, 5
Suppose q - 3*f = 454, 4*f + 452 = q + 2*f. List the prime factors of q.
2, 7
Suppose 2*s - 5658 = 4*h, -4*h - h = 3*s - 8509. What are the prime factors of s?
2833
Suppose 22*y - 12590 = 4174. What are the prime factors of y?
2, 3, 127
Let n = 178 - -918. What are the prime factors of n?
2, 137
Suppose 385 = 5*j - 45. Suppose 0*r + 2*r - j = 0. List the prime factors of r.
43
Let m(d) = d**2 + 6*d + 283. What are the prime factors of m(-28)?
29, 31
Let q(m) = 489*m**2 + 2*m - 1. What are the prime factors of q(1)?
2, 5, 7
Suppose n = 6*n + 150. List the prime factors of 5/(88/n - -3).
3, 5
Suppose 0 = -7*y + 183 + 349. What are the prime factors of y?
2, 19
Let z be ((-5)/(-1))/(3/12). Let w = -11 + z. Let u = 39 - w. What are the prime factors of u?
2, 3, 5
Let o(w) = -8*w - 42. Let l = -25 - -12. List the prime factors of o(l).
2, 31
Suppose h - 1008 = -3*h. Suppose 0*k + k - 4*t - 48 = 0, -t = -4*k + h. Suppose -72 = -4*x + 4*p, -2*p + 0*p - k = -4*x. What are the prime factors of x?
2, 7
Suppose 2*x + 16 = 2*z - 0*x, -3*x = 0. Let o be (-9)/(-36) - (-14)/z. Suppose 0 = -o*j - 0*j + 28. What are the prime factors of j?
2, 7
Suppose u + 9*t - 14 = 14*t, -2*t - 11 = -u. What are the prime factors of u/(36/568) + 1?
11, 13
Let d be (-1 - -2)*-3*-1. Suppose -3*w = d*p - 27, 0 = w - 0*w + 5*p - 13. Let b = 13 + w. List the prime factors of b.
3, 7
Suppose 9*f = 7*f - 10. What are the prime factors of (f - 4/(-2))*(-25)/3?
5
Let o be (16/12)/(2/(-3))*-1. Suppose o*r = -5*s + 550, -18 = -3*r - 3. List the prime factors of s.
2, 3
What are the prime factors of ((-2380)/42)/(4/(-30)) - 4?
421
Let x = 50 + -53. List the prime factors of x - 0/3 - (1 + -67).
3, 7
Let d be 3/(-2)*128/(-48). List the prime factors of 9*d + 12/3.
2, 5
Suppose 26 - 12 = r. Suppose r*c = 13*c + 28. What are the prime factors of c?
2, 7
Suppose -3*y = 3 - 0. Let c(d) = -3*d**2 + 3*d + 2. Let w be c(y). List the prime factors of (-12)/(12/w) - 1.
3
Suppose 3*x = -2*l + 21, 3*x = 2*l + 2*x - 1. Suppose 5*k + l*t + 367 = 0, -2*k - t + 29 = 176. List the prime factors of k/((-2)/(-3)*-3).
37
Let j = -299 - -183. Let b = j + 81. Let l = b + 50. What are the prime factors of l?
3, 5
Suppose -3*v - 13063 = -4*r - 4179, r - 2*v = 2221. List the prime factors of r.
2221
Let v(m) = 2864*m**3 + 5*m**2 - 5*m + 1. List the prime factors of v(1).
3, 5, 191
Let p(t) = t**3 + 14*t**2 - 15*t + 3. Let n be p(-15). Suppose n*m - 34 - 287 = 0. List the prime factors of m.
107
Let i(r) = 35*r**2 - 10*r + 3. List the prime factors of i(4).
523
Let r = -14 - -18. Suppose -8*u + r*u = -512. Suppose 0 = 5*c, -4*b + 0*c + c = -u. List the prime factors of b.
2
Let a be (-4 - (-8 - 0)) + 75. Let w = a + -44. What are the prime factors of w?
5, 7
Let y = 18 + -18. Suppose 0 = s - 2*t - 89, y = 3*t - 4*t + 4. List the prime factors of s.
97
Let z be (5*-12)/(-3) - -2. Suppose 5*b + z = 102. List the prime factors of b.
2
Let z(y) = -y + 10. Let q = -10 - -17. Let x be z(q). Suppose w + x*o = 5, 5*w - 9 = -5*o + 36. What are the prime factors of w?
11
Let n = 28 + -19. Let u(b) = -b**2 + 22*b - 17. List the prime factors of u(n).
2, 5
Suppose 0 = 3*b - 8*b + 5, 0 = 4*t - 5*b - 6143. List the prime factors of t.
29, 53
What are the prime factors of 1*5 + -13 + 10920/14?
2, 193
Let h = 1054 + 1621. List the prime factors of h.
5, 107
Suppose 4*y + 0*f - 584 = 4*f, 126 = y + 3*f. List the prime factors of y.
3, 47
Suppose 30*a - 1699 - 21071 = 0. List the prime factors of a.
3, 11, 23
Let n(f) = 3*f - 6. Let k be n(5). Suppose 0 = -k*g + 340 - 97. What are the prime factors of g?
3
Suppose -4*z - 70 = -9*z. Let l be 3*(z/(-6) + 4). Suppose -5*u = 2*c - 221, -3 = 4*c - l*c. List the prime factors of u.
43
Let v be 11/((-55)/120) - (1 + 1). Let w = -138 + 97. Let h = v - w. What are the prime factors of h?
3, 5
Suppose 2*i + 118 = 2*n, -9*n = -13*n - 5*i + 281. Let s = n + 13. List the prime factors of s.
7, 11
Suppose -2*x + d + 6 = 0, -10 = -2*d - 6. Suppose -x*k + 216 = 4*c - 2*c, -3*c = -4*k + 226. What are the prime factors of k?
5, 11
Let c(g) = 7*g**3 - 5*g**2 - 35*g + 3. Let m(f) = 10*f**3 - 8*f**2 - 52*f + 5. Let y(j) = -7*c(j) + 5*m(j). What are the prime factors of y(8)?
2, 19
Suppose 5*m + 0*m + 3*r = -606, -8 = 4*r. Let v = m - -177. What are the prime factors of v?
3, 19
Suppose 4*h + 8 = 4*x, 0 = -h + 6*h + 5*x. Let d be h*4/(8/170). Let s = -60 - d. What are the prime factors of s?
5
What are the prime factors of -3 + (-354)/7*(-21 + 0)?
3, 353
Suppose 3*d + 705 = 3*y, 11*y + 2*d - 229 = 10*y. What are the prime factors of y?
233
Suppose -5*g = -x - 6303, g - 48*x + 52*x = 1269. What are the prime factors of g?
13, 97
Suppose -8*r + 2*c + 5916 = -4*r, -3*r + 4459 = 4*c. List the prime factors of r.
1481
Suppose -3*m + 8 = m. Suppose m*z = -0*z + 92. Suppose -2*b + z = -h, 0*h + h = -4*b + 80. What are the prime factors of b?
3, 7
Suppose 4*x - 7*x + 6 = 0. Suppose x*t + 3*k = -t + 627, 0 = 5*t - 3*k - 1045. Let o = t + -141. What are the prime factors of o?
2, 17
Let m(f) = 2 - 17*f + 18*f + 0. Let s be m(-2). Let k = 7 - s. What are the prime factors of k?
7
Suppose -l + 39 = -2*l + f, -3*f = -5*l - 193. Let r = -35 - l. Suppose 5*j = v + v + 389, -r*v - 70 = -j. What are the prime factors of j?
79
Suppose -2 = m - 10. Let q = 12 - m. Suppose 0 = 4*b + 8, 10 - 2 = q*t + 4*b. List the prime factors of t.
2
Suppose -5*i = 7 - 192. Let m be (13/(-3))/(1/3). Let h = i + m. What are the prime factors of h?
2, 3
Let v(f) = -2*f + 12. Let n = -33 + 33. List the prime factors of v(n).